{"id":840,"date":"2015-09-28T13:39:44","date_gmt":"2015-09-28T11:39:44","guid":{"rendered":"https:\/\/www.hcgreier.at\/nachhilfe\/?page_id=840"},"modified":"2017-10-26T16:59:30","modified_gmt":"2017-10-26T14:59:30","slug":"allgemeine-informationen","status":"publish","type":"page","link":"https:\/\/www.hcgreier.at\/nachhilfe\/allgemeine-informationen\/","title":{"rendered":"Allgemeine Informationen"},"content":{"rendered":"<p>Sie interessieren sich f\u00fcr Online-Nachhilfe in Mathematik oder Physik\/Mechanik?<\/p>\n<h2>Nachhilfe online oder vor Ort?<\/h2>\n<p>Mein Angebot ist in Zeiten des Internets nat\u00fcrlich nicht \u00f6rtlich beschr\u00e4nkt. Online-Nachhilfe ist immer \u00f6fters gefragt. Wenn die Wege zu weit werden und daher die Nachhilfe zu teuer werden w\u00fcrde, vernetzte ich mich mit den Sch\u00fclern \u00fcber das Internet. Die Voraussetzungen daf\u00fcr sind minimal und meist ohne Probleme zu bew\u00e4ltigen.<\/p>\n<p>Sie erhalten einen eigenen Cloud-Ordner, wenn Sie sich mit diesem Kontaktformular\u2192 <a href=\"https:\/\/www.hcgreier.at\/nachhilfe\/kontakt\/\">anmelden<\/a>!<\/p>\n<ul>\n<li>Nachhilfe <strong>vor Ort<\/strong> biete ich zur Zeit <strong>nur innerhalb von <em>Graz<\/em><\/strong> (Stadt) an.<\/li>\n<li>Online-Nachhilfe kann unabh\u00e4ngig von Ihrem Wohnort stattfinden. Voraussetzung daf\u00fcr sind ein Computer, eine m\u00f6glichst gute Internetverbindung sowie ein <a href=\"https:\/\/de.wikipedia.org\/wiki\/Headset\" target=\"_blank\">Headset<\/a>.<\/li>\n<li>Bezahlung: Die Online-Nachhilfe kann mittels Bank\u00fcberweisung oder auch mit PayPal bezahlt werden.<\/li>\n<\/ul>\n<h2>Informationen zur Nachhilfe<\/h2>\n<p>Mathematik ist immer noch f\u00fcr viele Sch\u00fcler ein Angstfach. Meine Aufgabe sehe ich nicht darin, zu ergr\u00fcnden, warum das so ist. Ich m\u00f6chte vielmehr Sch\u00fclern von 6-18 die Angst vor der Mathematik nehmen. Man muss f\u00fcr Mathematik nichts auswendig lernen, denn Mathematik kann man <em>verstehen<\/em>.<\/p>\n<p><a href=\"https:\/\/www.hcgreier.at\/nachhilfe\/wp-content\/uploads\/2015\/09\/allgemeine_winkelfunktion.png\"><img loading=\"lazy\" decoding=\"async\" class=\"alignright wp-image-1455\" title=\"Arbeitsblatt f\u00fcr Online-Nachhilfe\" src=\"https:\/\/www.hcgreier.at\/nachhilfe\/wp-content\/uploads\/2015\/09\/allgemeine_winkelfunktion.png\" alt=\"Arbeitsblatt f\u00fcr Online-Nachhilfe\" width=\"480\" height=\"342\" \/><\/a>Ich biete in den F\u00e4chern <em>Mathematik<\/em> und <em>Physik\/Mechanik<\/em> schon seit meiner eigenen Schulzeit Nachhilfe an. Viel Erfahrung gesammelt habe ich vor allem im Bereich der AHS-Oberstufe, aber ich biete auf f\u00fcr die Volkschule, Hauptschule\/Neue Mittelschule, AHS Unterstufe, f\u00fcr H\u00f6here Technische Lehranstalten (HTL), HAK\/HAS und andere berufsbildende h\u00f6here Schulen Nachhilfe in Mathematik und Physik an.<\/p>\n<p>Seit vielen Jahren komme ich privat zu meinen Sch\u00fclerinnen und Sch\u00fclern in Graz, um im Einzelunterricht die vorhandenen Defizite auszuloten und entsprechend dort anzusetzen, wo es notwendig ist. Die Erfahrung zeigt, dass viele Sch\u00fcler keineswegs &#8222;zu dumm&#8220; sind, um die erforderlichen Inhalte zu verstehen. Meistens schleppen sie aus fr\u00fcheren Jahrg\u00e4ngen diese Defizite in die h\u00f6heren Klassen mit. Dort sind die Lernenden dann mit dem Stoff oft \u00fcberfordert, weil sie die Grundlagen schlecht oder nur d\u00fcrftig beherrschen oder verstanden haben. Im Einzelunterricht kann man dort ansetzen, was in der Schulklasse mit 25 Sch\u00fclern nicht m\u00f6glich ist, weil nicht auf die &#8222;Nachz\u00fcgler&#8220; eingegangen werden kann.<\/p>\n<p><img loading=\"lazy\" decoding=\"async\" class=\"alignleft size-full wp-image-1901\" src=\"https:\/\/www.hcgreier.at\/nachhilfe\/wp-content\/uploads\/2016\/09\/einstein.jpg\" alt=\"Albert Einstein\" width=\"100\" height=\"120\" \/>Oft h\u00f6rt man dann das Argument, dass <em>&#8222;auch Einstein kein guter Sch\u00fcler in Mathematik war&#8220;<\/em> (was \u00fcbrigens nicht stimmt, Einsteins Biograph <a href=\"http:\/\/www.einstein-website.de\/z_kids\/zeugniskids.html#\" target=\"_blank\">verwechselte die Schulnoten<\/a>!). Man muss aber kein Einstein sein, um die Schulmathematik zu meistern, ich bin schlie\u00dflich auch keiner <i class=\"fa fa-smile-o\" aria-hidden=\"true\"><\/i><\/p>\n<p>\u2192 <a href=\"https:\/\/www.hcgreier.at\/nachhilfe\/kontakt\/\">Kontaktieren Sie mich<\/a>, wenn sie an leistbarer und nachhaltiger Nachhilfe in Mathematik oder Physik interessiert sind!<\/p>\n<p>&nbsp;<\/p>\n","protected":false},"excerpt":{"rendered":"<p>Sie interessieren sich f\u00fcr Online-Nachhilfe in Mathematik oder Physik\/Mechanik? Nachhilfe online oder vor Ort? Mein Angebot ist in Zeiten des Internets nat\u00fcrlich nicht \u00f6rtlich beschr\u00e4nkt. Online-Nachhilfe ist immer \u00f6fters gefragt. Wenn die Wege zu weit werden und daher die Nachhilfe&hellip;<\/p>\n<p class=\"more-link-p\"><a class=\"more-link\" href=\"https:\/\/www.hcgreier.at\/nachhilfe\/allgemeine-informationen\/\">Read more &rarr;<\/a><\/p>\n","protected":false},"author":1,"featured_media":0,"parent":0,"menu_order":0,"comment_status":"closed","ping_status":"closed","template":"","meta":{"footnotes":""},"_links":{"self":[{"href":"https:\/\/www.hcgreier.at\/nachhilfe\/wp-json\/wp\/v2\/pages\/840"}],"collection":[{"href":"https:\/\/www.hcgreier.at\/nachhilfe\/wp-json\/wp\/v2\/pages"}],"about":[{"href":"https:\/\/www.hcgreier.at\/nachhilfe\/wp-json\/wp\/v2\/types\/page"}],"author":[{"embeddable":true,"href":"https:\/\/www.hcgreier.at\/nachhilfe\/wp-json\/wp\/v2\/users\/1"}],"replies":[{"embeddable":true,"href":"https:\/\/www.hcgreier.at\/nachhilfe\/wp-json\/wp\/v2\/comments?post=840"}],"version-history":[{"count":0,"href":"https:\/\/www.hcgreier.at\/nachhilfe\/wp-json\/wp\/v2\/pages\/840\/revisions"}],"wp:attachment":[{"href":"https:\/\/www.hcgreier.at\/nachhilfe\/wp-json\/wp\/v2\/media?parent=840"}],"curies":[{"name":"wp","href":"https:\/\/api.w.org\/{rel}","templated":true}]}}