{"id":480,"date":"2015-03-05T01:22:32","date_gmt":"2015-03-05T00:22:32","guid":{"rendered":"https:\/\/www.hcgreier.at\/nachhilfe\/?page_id=480"},"modified":"2017-10-26T02:15:02","modified_gmt":"2017-10-26T00:15:02","slug":"technische-hinweise-zur-seite","status":"publish","type":"page","link":"https:\/\/www.hcgreier.at\/nachhilfe\/technische-hinweise-zur-seite\/","title":{"rendered":"Technische Hinweise zur Seite"},"content":{"rendered":"<p>Diese Seiten verwenden zur <strong>Darstellung der mathematischen Formeln<\/strong> \u2192 <a title=\"MathJax\" href=\"http:\/\/www.mathjax.org\/\" target=\"_blank\">MathJax<\/a>. Die Formeln werden so dargestellt, wie man sie aus Mathematikb\u00fcchern kennt. Es gibt ab und zu Probleme mit verschiedenen Browsern, es wird empfohlen, immer die neueste Browserversion zu verwenden.<\/p>\n<p>Durch einen Rechtsklick auf eine Formel kann deren Anzeige eingestellt werden.<\/p>\n<h3>Sprache Deutsch einstellen<\/h3>\n<p>Zun\u00e4chst kann man im Kontextmen\u00fc die Sprache \u00fcber<\/p>\n<p><em>Rechtsklick \u2192 Language \u2192 Deutsch (de)<\/em> auf Deutsch umstellen:<\/p>\n<p><a href=\"https:\/\/www.hcgreier.at\/nachhilfe\/wp-content\/uploads\/2015\/03\/mathjax_zoom-1.png\"><img loading=\"lazy\" decoding=\"async\" class=\"alignnone wp-image-3032 size-medium\" src=\"https:\/\/www.hcgreier.at\/nachhilfe\/wp-content\/uploads\/2015\/03\/mathjax_zoom-1-300x259.png\" alt=\"Mathjax - Sprache\" width=\"300\" height=\"259\" srcset=\"https:\/\/www.hcgreier.at\/nachhilfe\/wp-content\/uploads\/2015\/03\/mathjax_zoom-1-300x259.png 300w, https:\/\/www.hcgreier.at\/nachhilfe\/wp-content\/uploads\/2015\/03\/mathjax_zoom-1.png 490w\" sizes=\"(max-width: 300px) 100vw, 300px\" \/><\/a><\/p>\n<p>Sollte die ein oder andere Formel <strong>zu klein<\/strong> dargestellt oder nicht gut lesbar sein, gibt es ebenfalls Abhilfe: Man w\u00e4hlt die entsprechende Formel mit einem <strong>Rechtsklick<\/strong> aus und w\u00e4hlt aus dem Untermen\u00fc<\/p>\n<p><em>Rechtsklick \u2192 Math-Einstellungen <\/em>\u2192 <em>Zoomausl\u00f6ser <\/em>\u2192 <em>\u00dcberfahren\u00a0 <\/em>aus.<\/p>\n<p><a href=\"https:\/\/www.hcgreier.at\/nachhilfe\/wp-content\/uploads\/2017\/10\/mathjax_zoom_deutsch.png\"><img loading=\"lazy\" decoding=\"async\" class=\"alignnone wp-image-3036 size-medium\" src=\"https:\/\/www.hcgreier.at\/nachhilfe\/wp-content\/uploads\/2017\/10\/mathjax_zoom_deutsch-300x128.png\" alt=\"Mathjax - Zoom\" width=\"300\" height=\"128\" srcset=\"https:\/\/www.hcgreier.at\/nachhilfe\/wp-content\/uploads\/2017\/10\/mathjax_zoom_deutsch-300x128.png 300w, https:\/\/www.hcgreier.at\/nachhilfe\/wp-content\/uploads\/2017\/10\/mathjax_zoom_deutsch.png 654w\" sizes=\"(max-width: 300px) 100vw, 300px\" \/><\/a><\/p>\n<p>Dann wird jede Formel beim \u00dcberfahren mit der Maus vergr\u00f6\u00dfert dargestellt. Den Zoomfaktor kann man unter\u00a0<em>Math-Einstellungen \u2192 Vergr\u00f6\u00dferungsfaktor<\/em> einstellen. Das Zoomen bleibt dann auf allen weiteren Seiten so eingestellt.<\/p>\n<p>Ich schreibe mal schnell eine Formel hier hin, damit man das ganze gleich hier testen bzw. einstellen kann:<\/p>\n<p style=\"text-align: center;\">\\(c^2 = a^2 + b^2 -2ab\\,cos{\\gamma}\\)<\/p>\n","protected":false},"excerpt":{"rendered":"<p>Diese Seiten verwenden zur Darstellung der mathematischen Formeln \u2192 MathJax. Die Formeln werden so dargestellt, wie man sie aus Mathematikb\u00fcchern kennt. Es gibt ab und zu Probleme mit verschiedenen Browsern, es wird empfohlen, immer die neueste Browserversion zu verwenden. Durch&hellip;<\/p>\n<p class=\"more-link-p\"><a class=\"more-link\" href=\"https:\/\/www.hcgreier.at\/nachhilfe\/technische-hinweise-zur-seite\/\">Read more &rarr;<\/a><\/p>\n","protected":false},"author":1,"featured_media":0,"parent":0,"menu_order":0,"comment_status":"closed","ping_status":"closed","template":"","meta":{"footnotes":""},"_links":{"self":[{"href":"https:\/\/www.hcgreier.at\/nachhilfe\/wp-json\/wp\/v2\/pages\/480"}],"collection":[{"href":"https:\/\/www.hcgreier.at\/nachhilfe\/wp-json\/wp\/v2\/pages"}],"about":[{"href":"https:\/\/www.hcgreier.at\/nachhilfe\/wp-json\/wp\/v2\/types\/page"}],"author":[{"embeddable":true,"href":"https:\/\/www.hcgreier.at\/nachhilfe\/wp-json\/wp\/v2\/users\/1"}],"replies":[{"embeddable":true,"href":"https:\/\/www.hcgreier.at\/nachhilfe\/wp-json\/wp\/v2\/comments?post=480"}],"version-history":[{"count":0,"href":"https:\/\/www.hcgreier.at\/nachhilfe\/wp-json\/wp\/v2\/pages\/480\/revisions"}],"wp:attachment":[{"href":"https:\/\/www.hcgreier.at\/nachhilfe\/wp-json\/wp\/v2\/media?parent=480"}],"curies":[{"name":"wp","href":"https:\/\/api.w.org\/{rel}","templated":true}]}}